- 0*x. Let n(d) = 4*d - 26. Let p be n(-5). Let s = 53 + p. What is the remainder when x is divided by s?
5
Let l = 17 - 35. Calculate the remainder when l/(-63) + 500/14 is divided by 8.
4
What is the remainder when ((-3066)/(-63))/((-6)/(-9)) is divided by 9?
1
Let h = 414 - 244. What is the remainder when h is divided by 43?
41
Let g = -1701 + 1903. Suppose -4*y + 2*x + 204 = 0, y - 3*x - 29 = 22. What is the remainder when g is divided by y?
49
Let s(h) = 4*h - 1. Suppose -867*a + 850*a = -561. Calculate the remainder when a is divided by s(2).
5
Let b = -58 - -63. Suppose -b*l + 8*m = 3*m - 45, -2*l + 5*m + 12 = 0. What is the remainder when 28 is divided by l?
6
Let g be 6/4*(-6)/(-9). Let l be 1/(g*2/8). Calculate the remainder when l + 8*(2 + -1) is divided by 8.
4
Let i = 44841 - 44823. Suppose -420 = -s - 3*s. What is the remainder when (0 - (-4)/6)*s is divided by i?
16
Let y(h) = h**3 + 5*h**2 - 7*h - 24. Calculate the remainder when 138 is divided by y(-5).
6
Let j = 70 + -16. Suppose 0*f + 6*f = j. What is the remainder when 25 is divided by f?
7
Suppose 2 = -5*u + 32. Let q be (-4)/u + 952/51. Let v = -1 + q. Calculate the remainder when 65 is divided by v.
14
Let o be 6 + (-2)/4*2. Suppose q - 3*q = -o*i - 11, 0 = i - 3. What is the remainder when 62 is divided by q?
10
Suppose 20*x = 33*x - 468. What is the remainder when 460 is divided by x?
28
Let f(n) = -2*n**3 - 15*n**2 + 3*n - 29. Let a = 70 + -27. What is the remainder when a is divided by f(-8)?
10
Let p(y) = -3*y + 2*y - 8 - 2*y + 4*y**2 - y**2. What is the remainder when p(4) is divided by 6?
4
Let y = 3 + 1. Let g = 6427 + -6421. What is the remainder when g is divided by y?
2
Let k = -57 - -187. What is the remainder when k is divided by 34?
28
Suppose 2561 + 399 = 74*o. Let l = 73 - 52. What is the remainder when o is divided by l?
19
Suppose d + 2*d - 18 = 0. Suppose 0 = 5*k + 5*w - 67 + 22, -4*k = -2*w - d. Suppose 17 = 4*a - 3. What is the remainder when a is divided by k?
1
Suppose -2*s = -18 - 10. Let l(r) = r**2 - 5*r + 3. Calculate the remainder when l(-6) is divided by s.
13
Suppose 6 = t - 9. Calculate the remainder when 313 is divided by t.
13
Suppose 8*v + 40 + 48 = 0. Let q = -1 + -2. Let b = q - v. Calculate the remainder when 30 is divided by b.
6
Let n(u) = 10*u - 8. Let m be n(3). What is the remainder when 35 is divided by m + (-1 - 2)*1?
16
Suppose 0 = 5*z - 4*p - 91, -5*z - 5*p + 100 = -0*p. Calculate the remainder when 299 is divided by z.
14
Suppose 9 = -3*x + 39. Let g be (-183)/(-15) + (-4)/20. Suppose 0 = -2*z + 4*o + 6, -3*z - g = -7*z - 5*o. Calculate the remainder when x is divided by z.
1
Suppose -3*l + 708 = -5*b, -235*l = -230*l - 3*b - 1180. Calculate the remainder when l is divided by 10.
6
Suppose 5*x + 4 = 229. Suppose 0 = -7*d + 2*d + x. Calculate the remainder when 197/3 - 6/d is divided by 22.
21
Suppose -4*k + 72 = -196. What is the remainder when 127 is divided by k?
60
Suppose 5*c - 4*i - 157 = 0, -4*c + 3*c + 2*i = -35. Let x = 193 - 78. What is the remainder when x is divided by c?
28
Let n(b) = -6*b - 7 + 5*b - 2*b + 7*b. What is the remainder when 63 is divided by n(6)?
12
Let s(m) = m**2 + 12*m + 17. Let n be s(-8). Let g = n - -4. Let x = 12 + g. What is the remainder when 4 is divided by x?
0
Suppose 0 = -2*c + 4*c - 76. Let p = 76 + -20. Suppose 4*u = -4 + p. What is the remainder when c is divided by u?
12
Let d = 236 + -226. Calculate the remainder when 23 is divided by d.
3
Let j be 12/45*5*-9. Let a = 26 + j. Calculate the remainder when 25 is divided by a.
11
Suppose 0 = 5*d + 10 + 25. Let z(y) = y**3 + 9*y**2 + 8*y - 7. Calculate the remainder when z(d) is divided by (90/(-54))/(10/(-72)).
11
Let p(j) = -2*j**3 + j**2 - 3*j - 3. Let v be p(-2). Suppose -8*i + 9 + v = 0. Let k(g) = -g + 9. Calculate the remainder when k(4) is divided by i.
1
Let y = 37 + -38. What is the remainder when (-53)/(y + 0) + 4/(-4) is divided by 18?
16
Let v = 276 - 195. Calculate the remainder when (v/2)/(2/4) is divided by 14.
11
Suppose 4*v + v - y - 110 = 0, -3*v + 5*y = -44. Let u = 12 + -7. Suppose -u*d = 4*q - 56, -3*d = -d - 2*q - 8. Calculate the remainder when v is divided by d.
7
Let o(k) = -5*k**2 - 8*k**2 - k**3 - 13 + 12 - 16*k. Suppose 0*t - 12 = t. What is the remainder when o(t) is divided by 12?
11
Suppose j + j = -o + 8, -2*j + 10 = 2*o. Suppose -o*x = 3*x - 4*v + 389, 5*v = -2*x - 182. Let g = 126 + x. What is the remainder when g is divided by 23?
22
Calculate the remainder when (-105)/(-2)*148/222 is divided by 9.
8
Let g(u) = -u**2 - 12*u - 4. Let v be (264/(-36))/((-4)/(-6)). Let r be g(v). Let z(x) = x**2 - 5*x + 1. Calculate the remainder when 57 is divided by z(r).
12
Suppose -z = -4*z + 2*f + 112, -3*z = 4*f - 136. Suppose 3*y - z = 59. What is the remainder when y is divided by 7?
5
Let y(m) = m + 1. Let j = 51 + -20. Suppose -2*z - j = -3*u, 55 = 3*u + z + 3*z. What is the remainder when u is divided by y(6)?
6
Let k(i) = i**3 - 4*i**2 - i + 7. Let l be ((-6)/(-8) + -2)/((-2)/16). Let r(g) = g + 9. What is the remainder when k(6) is divided by r(l)?
16
Suppose 5*u - 4*u - 3*f - 333 = 0, -3*f = 15. What is the remainder when u is divided by 43?
17
Let n = 506 - 409. Calculate the remainder when 201 is divided by n.
7
Let n = -34 + 32. Calculate the remainder when -1*(4/n + -23) is divided by 14.
11
Suppose -278*f = -265*f - 208. Calculate the remainder when f is divided by 9.
7
Let f = 5206 + -5169. Let q(s) = -21*s**3 + s**2 + 2*s + 1. Calculate the remainder when f is divided by q(-1).
16
Let v = -3 - -12. Let o(q) = 35*q**3 + 2*q**2 - 2*q. Calculate the remainder when o(1) is divided by v.
8
Let z = 33 - 56. Let l = 23 + z. Suppose l = -y - 2*y + 48. What is the remainder when 61 is divided by y?
13
Let b(g) = 13*g**3 + 51*g**2 + 25*g - 5. Let w(k) = -3*k**3 - 13*k**2 - 6*k + 1. Let f(s) = 2*b(s) + 9*w(s). What is the remainder when f(-15) is divided by 31?
28
Let x(a) = 5*a - 6. Suppose -10*c = 5*c + 1155. Let b = c + 85. Calculate the remainder when x(5) is divided by b.
3
What is the remainder when 1122 is divided by 9 + (-13 - 2)*(-2)/5?
12
Suppose 91*d - 80*d = 66. Suppose -2*s - 8 = -0*s, 3*w + 3*s = 33. What is the remainder when w is divided by d?
3
Suppose 4*x = -3*x - 427. Let k = -49 - x. What is the remainder when 36 is divided by k?
0
Let i(b) = b**3 + 11*b**2 - 10*b - 13. Let o be i(-12). Let w = -14 - o. Suppose 58 = 2*q - 76. Calculate the remainder when q is divided by w.
21
Let l(s) = -s**2 + 12*s + 59. Suppose -56 = 5*i - 536. Calculate the remainder when i is divided by l(15).
12
Suppose 4*n - 6 = 10. Suppose -2*q + 38 = 3*w, -w + q - 37 = -n*w. What is the remainder when 58 is divided by w?
10
Let l(j) = 54*j**3 - 4*j**2 + 3*j + 2. What is the remainder when l(1) is divided by 2/(-4)*(-37 - 1)?
17
Let m(f) = -f**2 + 12*f - 22. Let h be m(9). Let a(d) = -d + 10. Let g be a(h). Let u(b) = -b**2 + 8*b + 4. Calculate the remainder when 36 is divided by u(g).
17
Suppose -4*f = 5*p - 8*f - 188, -4*f + 12 = 0. Suppose -5*m + p + 100 = 0. What is the remainder when 83 is divided by m?
27
Let j(l) = 31*l + 21 + 21*l - 53*l. Calculate the remainder when j(11) is divided by 6.
4
Let k = 37 + -21. Let h = 17 + 43. What is the remainder when h is divided by k?
12
Suppose -3*m = 4*g - 389, 0*m + 4*m - 507 = -3*g. Let r = 7990 + -7965. What is the remainder when m is divided by r?
23
Suppose -35 = -n - 10. Suppose 2*k - 16 = -2*i, 4 = -3*i - 2*k + 29. Calculate the remainder when n is divided by i.
7
Let a = -1472 + 1683. What is the remainder when a is divided by 38?
21
Let a be ((-1)/2)/(3/(-30)). Suppose 0 = s + a, -2*s + 43 = 3*j - s. What is the remainder when 62 is divided by j?
14
Let k(b) = -b + 5. Let i be k(-8). Suppose -h = q - i - 5, 2*h + 5*q - 45 = 0. Calculate the remainder when 58 is divided by h.
13
Let u(b) = b + 9. Suppose 3*o + 2*o - 37 = -4*m, 0 = 5*o - 2*m - 19. Calculate the remainder when 22 is divided by u(o).
8
Let d = 7 - 0. Let s = 19 - 18. Calculate the remainder when s/(((-4)/2)/(-52)) is divided by d.
5
Let m(d) = -2*d + 4*d + 8 + d**2 + 5 + 8. Suppose 2*y = 0, y - 303 = -4*h - 59. Calculate the remainder when h is divided by m(0).
19
Let r = 628 - 616. What is th